(-75)/20*66/15*-2. Let b(t) = -2*t + 11 + 23 + 5*t**2 + t**3 - k. Calculate b(-6).
-23
Let s(b) be the third derivative of 1/60*b**5 + 0 - 30*b + 1/40*b**6 + 2*b**2 + 1/3*b**3 - 1/24*b**4. What is s(-2)?
-16
Let f(u) = 5*u**2 + 7*u + 6. Let a = -42 - -24. Let h = a + 12. Let m(y) = -9*y**2 - 14*y - 11. Let s(x) = h*m(x) - 11*f(x). Give s(8).
-8
Let u(f) = 80*f**2 + 2*f - 21. Let j be u(5). Let w(q) = 1984 - q - j + 0*q. Calculate w(5).
-10
Let i be 2*30/(-12) + 6. Let a(x) be the third derivative of 6*x**2 + 0 + 0*x + 0*x**3 + 5/8*x**4. What is a(i)?
15
Suppose w - 67 = -o - 2*w, 2*o - 139 = -w. Let v = 74 - o. Let a(k) = 2*k - v + 4*k - k**2 - 12*k. Calculate a(-5).
1
Suppose -242*z + 1344 = 91*z + 3*z. Let q(v) = v**3 - 9*v + 2. What is q(z)?
30
Let w(i) be the second derivative of -i**5/20 - 7*i**4/12 + i**3/2 + 57*i**2/2 + 42*i + 37. Give w(-6).
3
Let h = -7919 - -7897. Let z(f) = 4*f**2 + 87*f - 17. Determine z(h).
5
Suppose -m + 67 = 3*r, 8*r + 16*m = 19*m + 173. Let a(t) = t**3 - 22*t**2 - t - 19. What is a(r)?
-41
Let k(l) = -2*l - 23. Let d(r) = -2*r**3 - 82*r**2 - 82*r - 88. Let s be d(-40). Give k(s).
-7
Let p(z) = -z**3 + 48. Suppose 0 = -5*n - 3*g + 6, 2*n - 2*g + 3 = -1. Calculate p(n).
48
Let p(t) be the first derivative of -t**3/3 - 6*t**2 - 27*t + 5893. Calculate p(-5).
8
Let w(l) = -4*l - 9. Let r be (11 - 15)/(-1 - -3) - 1. What is w(r)?
3
Let i(h) be the second derivative of -h**6/720 + 7*h**5/60 + 7*h**4/4 - 82*h. Let s(a) be the third derivative of i(a). Give s(0).
14
Let w(o) = -5*o - 2 - 2 - 5 + o**2. Suppose -342*z + 1849 = -1253 + 366. Determine w(z).
15
Suppose 0 = 138*a + 27 + 31 + 80. Let i(c) = 10*c**2 + 7*c + 6. Determine i(a).
9
Let d(i) be the first derivative of i**5/20 + 2*i**4/3 - i**3/3 + 9*i**2/2 - 208*i - 272. Let g(h) be the first derivative of d(h). What is g(-8)?
25
Let l = 55 + -50. Suppose 79*g - 78*g = l. Let v(m) = -3 + 0*m + 0 + g*m + 5 - m**2. Give v(3).
8
Let t(s) = 6*s - s**3 + 4 + 0*s**3 - 5*s**2 - 10*s. Let a be t(-4). Suppose a*j = -l - 2*l - 9, 3*j + 11 = 2*l. Let n(v) = v**3 + 5*v**2 + 3*v + 2. Give n(j).
11
Let y(w) = -w**3 + w + 6. Let z be 24/44*506/138. Determine y(z).
0
Let s(x) = 2*x**2 - 16*x + 7. Let h(i) = -3*i. Let f(d) = -3*h(d) - s(d). Determine f(12).
5
Let z(w) = -22*w**2 - 58*w + 9. Let s(m) = 26*m**2 + 59*m - 12. Let t(u) = 5*s(u) + 6*z(u). Give t(-26).
20
Let y(r) = -r + 3. Let p(a) = 43*a - 32. Let i(x) = -p(x) - 12*y(x). Give i(-1).
27
Let w be (-50)/(-15) - 6/(-9). Suppose -1 - 1 = 2*d, 0 = -a + w*d + 6. Let n(y) = -4*y + 4*y**a + 3 + 10*y - 3*y**2. Calculate n(-5).
-2
Let f(b) = -11*b**2 + b - 2. Let r be f(1). Let i(u) = -36*u**2 + 0*u - 2*u - 43*u**2 + 78*u**2 - 10*u. What is i(r)?
0
Let m(f) = 6*f + 2. Let w(z) = 7*z + 2. Let c(y) = -3*m(y) + 2*w(y). Suppose 5*j = 31 + 19. Suppose j*t + 6 = -34. Give c(t).
14
Let i(z) = 7*z + 90. Let w(s) = 3*s + 31. Let k(x) = 2*i(x) - 7*w(x). Give k(-9).
26
Let d(w) be the second derivative of 2*w**2 - 1 + 1/3*w**3 + 1/12*w**4 + 6*w. What is d(0)?
4
Let j(m) = m**2 + 2*m - 3. Suppose -5 = -7*p - 5. Let v(o) = 5*o**2 + o + 3. Let h be v(p). Suppose 39 - 30 = -h*y. Give j(y).
0
Let a(v) = -v**2 - 7*v - 7. Let t be (650/11)/(-5) - 4/22. Let c = t + 47. Let d = c + -41. Determine a(d).
-1
Let u = -174 - -176. Let a(m) = m + u*m - 1 + 808*m**2 - 811*m**2. What is a(2)?
-7
Let s(w) be the third derivative of -w**5/60 + w**4/24 - 2*w**2 + 9. Let n(k) = k**2 - 4. Let o(y) = n(y) + 2*s(y). Give o(3).
-7
Let f(h) be the third derivative of -107*h**2 + 0*h + 0 - 2/3*h**3 + 1/12*h**4. Determine f(5).
6
Let i = 15626 - 15624. Let c(q) be the first derivative of q**2/2 + q - 1. Calculate c(i).
3
Let r(s) = -69*s + 13*s + 14 - 349735*s**2 - 45 + 349732*s**2. Determine r(-18).
5
Let c(l) = -2*l + 6. Let s be c(6). Let p(t) = 2*t**2 - t - 3. Let o(i) = -i**2 + 3*i + 2. Suppose 71*y - 9 = 74*y. Let q(x) = y*o(x) - 2*p(x). What is q(s)?
6
Let b(w) = -2*w - 209 + 0*w + 173. Let n be b(-14). Let l(j) = j - 2 + 0 - 3 + 10. Determine l(n).
-3
Let u(g) = -4*g**2 + 6277*g - 22 - 6261*g + 3*g**2. Let f be 8/(-2) + 8/(64/152). What is u(f)?
-7
Let i(y) = y**3 + 13*y**2 - 12*y + 12. Let u be -6*1 + ((-1445)/187 - 3/11). Calculate i(u).
-16
Let d = 1371 - 1363. Let j(r) = -7*r + 64. Calculate j(d).
8
Let x = 4654 - 4652. Let a(w) be the second derivative of 1/3*w**3 + 3/2*w**x - 3/4*w**4 + 37*w - 1/20*w**5 + 0. Calculate a(-9).
-15
Let p(c) = 10 - 129*c**2 + 3*c + 8 + 65*c**2 + c**3 + 68*c**2 + 4*c. Calculate p(-4).
-10
Let o(x) be the second derivative of 9/2*x**2 - 1/6*x**3 + 0 + x. Let h be (-1)/(-10) - 808/8080. Determine o(h).
9
Suppose -23*c + 18*c = -130. Let h = c + -28. Let g be 1 - (2 - 4) - (-2)/h. Let a(t) = t**2 + t. Give a(g).
6
Let r = 1 + 1. Let s(t) be the second derivative of 1/2*t**3 + 0*t**2 + 0 - 23*t. Calculate s(r).
6
Let v = 181 - 180. Let d(g) = 0*g - 5 + v - 4*g + 9*g. Determine d(3).
11
Let f = 441 - 641. Let h be f/150 - ((-11)/(-3) + -1). Let i(l) be the third derivative of l**5/60 + 5*l**4/24 + l**3/6 + l**2. What is i(h)?
-3
Let t(y) be the first derivative of -y**6/360 - y**5/30 + 77*y**3/3 + 105. Let v(p) be the third derivative of t(p). Suppose 4*i + 8 = -8. Calculate v(i).
0
Let p(g) = -142 + 106*g - 144*g + 56*g. What is p(8)?
2
Let j(h) = -10*h - 123. Let d be j(-11). Let f be 84/(-22) + d/((-1287)/(-18)). Let s(t) = -2*t + 0*t + t**3 - 4 + 1 + 4*t**2. Determine s(f).
5
Let p(u) = 3*u**2 - 5*u + 4. Suppose 8*k - 282 = 1262. Let v = k - 271. Let y = v - -81. Determine p(y).
16
Let j(f) = -208*f**2 - 174 + 27*f - 208*f**2 - 245*f**2 + 660*f**2. Give j(15).
6
Let a(q) = 15*q**3 + q**2 - 2*q + 1. Let m(z) = 67*z + 43. Let f be m(-2). Let o be 1*f/(-77) - 4/22. Give a(o).
15
Let a(g) = 9*g - 59. Let f be a(6). Let n be (f/((-5)/144))/((-6)/(-4)). Let w(k) = 32*k - 1 - k**2 - n*k + 35*k + 34*k. Determine w(5).
-1
Let q(y) be the third derivative of 0 + 3*y**2 + 26*y + 1/2*y**3 - 5/24*y**4. Calculate q(-1).
8
Let o(u) be the second derivative of u**4/6 - 11*u**3 + 61*u**2 + u + 522. Give o(31).
-2
Let y = 962 + -961. Let k(i) = 33*i + 29*i + 2 + 32*i - 95*i. Give k(y).
1
Let i(c) = c**2 + 4*c - 5. Suppose -t + 3*o + 4 = o, 0 = t + 2*o - 4. Let n be -10 - (-5 + 6 - t). Determine i(n).
16
Let w = 9 - 4. Suppose -2*m + 3*m = w. Let v(g) be the second derivative of -g**4/12 + g**3/2 + 5*g**2/2 + 23803*g. What is v(m)?
-5
Let c be (-6 - (-114)/18) + (-10)/(-6). Let a be (-4)/((c/10)/((-22)/55)). Let x(p) = -9*p + 3*p**2 - 2*p**2 + 0*p**2 + 9 - 4. Determine x(a).
-3
Let g(m) = -26*m**2 - 56*m - 10. Let x(b) = 11*b**2 + 26*b + 5. Let t(y) = -3*g(y) - 7*x(y). Give t(12).
-29
Let a(r) = r**2 - 3*r - 5. Let z(d) = -35*d**2 + 108*d**2 - 34*d**2 + 35*d - 38*d**2 + 155. Let t be z(-30). Calculate a(t).
5
Suppose -12 = -5*i + 3. Suppose -55 = -i*d - 2*d. Suppose -3*h - h + 10 = -3*q, -5*h + 3*q + d = 0. Let l(a) = -2*a + 1. Determine l(h).
-1
Let s(a) = 4*a**3 - 13*a**2 - 69*a - 115. Let n(i) = 13*i**3 - 41*i**2 - 212*i - 344. Let m(y) = 5*n(y) - 16*s(y). Calculate m(-3).
-12
Let b be 2 + ((-3)/5 - 6/(-10)). Let o be (-2 + 5)*(b - 3). Let a(t) be the first derivative of 3*t**2/2 + 2*t - 1. What is a(o)?
-7
Suppose -50*l = -44*l. Let b(i) = -4 + 10 + l*i - i + 4*i. Calculate b(-6).
-12
Suppose -9 + 81 = 12*z. Let g(x) = 19*x**2 - 4*x**2 - 7*x - z - 12*x**2 + x**3. Let f = -7 + 3. Calculate g(f).
6
Let n(u) = -1168*u + 580*u + 573*u + 2. What is n(-1)?
17
Let b(u) = -u - 14. Let m = 94 - 74. Suppose -m = 5*k + 5*i + 25, 3*k - 3*i = -15. What is b(k)?
-7
Let t(g) = -g**2 + 8*g - 176. Let c be t(-25). Let a = -1006 - c. Let m(r) = r**2 + 5*r - 7. What is m(a)?
-7
Let g(z) be the first derivative of z**3/3 + 8*z**2 + 32*z - 259. Calculate g(-10).
-28
Let d(i) = -i**2 + 3*i + 13. Let t = 6811 - 6805. Calculate d(t).
-5
Let o = 37 + -25. Let f be 4 + (-9)/((-27)/o). Let i(n) = -2 + f + n - 2 - 3*n. Give i(-3).
10
Let w(l) = 341*l + 3409. Let d be w(-10). Let m be ((3 + -2)*1)/1. Let a(h) = -5*h**3 + h**2 + 0*h + h**3 + 2*h + m. Calculate a(d).
4
Let w(g) = -2*g**3 - 20*g**2 - g + 4. Let p be 2/3*-17 + (-40)/(-30). Let q be w(p). Suppose -19 + q = -j. Let c(x) = x**2 - 4*x + 1. Calculate c(j).
6
Suppose -3*l - 92 - 64 = 0. Let a = -44 - l. Let w(